{"id":251,"date":"2025-06-18T21:53:21","date_gmt":"2025-06-18T21:53:21","guid":{"rendered":"https:\/\/alvaroestada.es\/blog\/?page_id=251"},"modified":"2025-06-20T09:12:43","modified_gmt":"2025-06-20T09:12:43","slug":"about","status":"publish","type":"page","link":"https:\/\/alvaroestada.es\/blog\/about\/","title":{"rendered":"About"},"content":{"rendered":"\n<div class=\"wp-block-uagb-container uagb-block-e5972208 alignfull uagb-is-root-container\"><div class=\"uagb-container-inner-blocks-wrap\">\n<div class=\"wp-block-uagb-advanced-heading uagb-block-b371cc12\"><p class=\"uagb-desc-text\">Bienvenido<\/p><h1 class=\"uagb-heading-text\">Descubre c\u00f3mo destacamos en la digitalizaci\u00f3n de tu negocio.<\/h1><\/div>\n\n\n\n<div class=\"wp-block-uagb-container uagb-block-7dc8a723\"><\/div>\n<\/div><\/div>\n\n\n\n<div class=\"wp-block-uagb-container uagb-block-28fa86dc alignwide uagb-is-root-container\">\n<div class=\"wp-block-uagb-container uagb-block-18062607\">\n<div class=\"wp-block-uagb-image uagb-block-0be442bf wp-block-uagb-image--layout-default wp-block-uagb-image--effect-static wp-block-uagb-image--align-none\"><figure class=\"wp-block-uagb-image__figure\"><img loading=\"lazy\" decoding=\"async\" srcset=\"https:\/\/alvaroestada.es\/blog\/wp-content\/uploads\/2024\/05\/about-us.jpg ,https:\/\/alvaroestada.es\/blog\/wp-content\/uploads\/2024\/05\/about-us.jpg 780w, https:\/\/alvaroestada.es\/blog\/wp-content\/uploads\/2024\/05\/about-us.jpg 360w\" sizes=\"auto, (max-width: 480px) 150px\" src=\"https:\/\/alvaroestada.es\/blog\/wp-content\/uploads\/2024\/05\/about-us.jpg\" alt=\"\" class=\"uag-image-44\" width=\"560\" height=\"500\" title=\"about-us\" loading=\"lazy\" role=\"img\"\/><\/figure><\/div>\n\n\n\n<p>Con una trayectoria diversa en el sector tecnol\u00f3gico, automovil\u00edstico y de marketing, he desarrollado una s\u00f3lida base profesional que combina habilidades comerciales, estrat\u00e9gicas y digitales. Comenc\u00e9 mi carrera como asesor comercial en el sector automotriz, donde perfeccion\u00e9 mi capacidad de negociaci\u00f3n y atenci\u00f3n al cliente. Posteriormente, trabaj\u00e9 en Apple, fortaleciendo mis conocimientos en tecnolog\u00eda, experiencia de usuario y cultura de marca. M\u00e1s recientemente, me desempe\u00f1\u00e9 como Marketing Manager en una agencia, liderando proyectos digitales, campa\u00f1as estrat\u00e9gicas y gesti\u00f3n de equipos, orientado siempre a resultados medibles y soluciones creativas.<\/p>\n\n\n\n<div class=\"wp-block-uagb-container uagb-block-ea15cb0a\">\n<div class=\"wp-block-uagb-container uagb-block-bc8fb7c9\">\n<figure class=\"wp-block-image size-large\"><img fetchpriority=\"high\" decoding=\"async\" width=\"1024\" height=\"614\" src=\"https:\/\/alvaroestada.es\/blog\/wp-content\/uploads\/2025\/06\/APPLE-1024x614.jpg\" alt=\"\" class=\"wp-image-303\" srcset=\"https:\/\/alvaroestada.es\/blog\/wp-content\/uploads\/2025\/06\/APPLE-1024x614.jpg 1024w, https:\/\/alvaroestada.es\/blog\/wp-content\/uploads\/2025\/06\/APPLE-300x180.jpg 300w, https:\/\/alvaroestada.es\/blog\/wp-content\/uploads\/2025\/06\/APPLE-768x461.jpg 768w, https:\/\/alvaroestada.es\/blog\/wp-content\/uploads\/2025\/06\/APPLE.jpg 1080w\" sizes=\"(max-width: 1024px) 100vw, 1024px\" \/><\/figure>\n<\/div>\n\n\n\n<div class=\"wp-block-uagb-container uagb-block-733a60e1\">\n<figure class=\"wp-block-image size-full is-resized\"><img decoding=\"async\" width=\"640\" height=\"640\" src=\"https:\/\/alvaroestada.es\/blog\/wp-content\/uploads\/2025\/06\/Kingea.webp\" alt=\"\" class=\"wp-image-304\" style=\"width:145px;height:auto\" srcset=\"https:\/\/alvaroestada.es\/blog\/wp-content\/uploads\/2025\/06\/Kingea.webp 640w, https:\/\/alvaroestada.es\/blog\/wp-content\/uploads\/2025\/06\/Kingea-300x300.webp 300w, https:\/\/alvaroestada.es\/blog\/wp-content\/uploads\/2025\/06\/Kingea-150x150.webp 150w\" sizes=\"(max-width: 640px) 100vw, 640px\" \/><\/figure>\n<\/div>\n\n\n\n<div class=\"wp-block-uagb-container uagb-block-9b243be6\">\n<figure class=\"wp-block-image size-full\"><img decoding=\"async\" width=\"862\" height=\"310\" src=\"https:\/\/alvaroestada.es\/blog\/wp-content\/uploads\/2025\/06\/473298965_122161360220339461_60110515903967757_n.jpg\" alt=\"\" class=\"wp-image-305\" srcset=\"https:\/\/alvaroestada.es\/blog\/wp-content\/uploads\/2025\/06\/473298965_122161360220339461_60110515903967757_n.jpg 862w, https:\/\/alvaroestada.es\/blog\/wp-content\/uploads\/2025\/06\/473298965_122161360220339461_60110515903967757_n-300x108.jpg 300w, https:\/\/alvaroestada.es\/blog\/wp-content\/uploads\/2025\/06\/473298965_122161360220339461_60110515903967757_n-768x276.jpg 768w\" sizes=\"(max-width: 862px) 100vw, 862px\" \/><\/figure>\n<\/div>\n<\/div>\n<\/div>\n\n\n\n<div class=\"wp-block-uagb-container uagb-block-7f0c016a\">\n<div class=\"wp-block-uagb-advanced-heading uagb-block-8a54fc41\"><p class=\"uagb-desc-text\">Sobre m\u00ed<\/p><h2 class=\"uagb-heading-text\">Estratega Digital y Constructor de Soluciones<\/h2><\/div>\n\n\n\n<p>Apasionado por la tecnolog\u00eda, curioso por naturaleza y siempre con un nuevo proyecto en mente. Soy un emprendedor autodidacta que no se conforma con lo b\u00e1sico: me entusiasma aprender, experimentar y encontrar formas m\u00e1s inteligentes de hacer las cosas. Con una mentalidad pr\u00e1ctica y creativa, combino estrategia digital, automatizaci\u00f3n y dise\u00f1o para convertir ideas en soluciones reales. Me gusta pensar que no hay problema sin resolver, solo desaf\u00edos mal planteados. En mi d\u00eda a d\u00eda, vivo entre flujos de n8n, l\u00edneas de c\u00f3digo, pizarras llenas de ideas y caf\u00e9s que impulsan la pr\u00f3xima gran soluci\u00f3n.<\/p>\n\n\n\n<div class=\"wp-block-uagb-image uagb-block-2cef716a wp-block-uagb-image--layout-default wp-block-uagb-image--effect-static wp-block-uagb-image--align-none\"><figure class=\"wp-block-uagb-image__figure\"><img loading=\"lazy\" decoding=\"async\" srcset=\"https:\/\/alvaroestada.es\/blog\/wp-content\/uploads\/2025\/06\/un_dashboard_en_la_pantalla_de_un_ordenador_que_los_simbolos_se_vean_ntidos_y_bien_v9j4nbkukzot7ftdvj96_0-683x1024.png ,https:\/\/alvaroestada.es\/blog\/wp-content\/uploads\/2025\/06\/un_dashboard_en_la_pantalla_de_un_ordenador_que_los_simbolos_se_vean_ntidos_y_bien_v9j4nbkukzot7ftdvj96_0.png 780w, https:\/\/alvaroestada.es\/blog\/wp-content\/uploads\/2025\/06\/un_dashboard_en_la_pantalla_de_un_ordenador_que_los_simbolos_se_vean_ntidos_y_bien_v9j4nbkukzot7ftdvj96_0.png 360w\" sizes=\"auto, (max-width: 480px) 150px\" src=\"https:\/\/alvaroestada.es\/blog\/wp-content\/uploads\/2025\/06\/un_dashboard_en_la_pantalla_de_un_ordenador_que_los_simbolos_se_vean_ntidos_y_bien_v9j4nbkukzot7ftdvj96_0-683x1024.png\" alt=\"\" class=\"uag-image-309\" width=\"560\" height=\"300\" title=\"un_dashboard_en_la_pantalla_de_un_ordenador_que_los_simbolos_se_vean_ntidos_y_bien_v9j4nbkukzot7ftdvj96_0\" loading=\"lazy\" role=\"img\"\/><\/figure><\/div>\n<\/div>\n<\/div>\n\n\n\n<div class=\"wp-block-uagb-container uagb-layout-grid uagb-block-b73b02d3 alignfull uagb-is-root-container\"><div class=\"uagb-container-inner-blocks-wrap\">\n<div class=\"wp-block-uagb-container uagb-block-68004fa2\">\n<div class=\"wp-block-uagb-info-box uagb-block-777883ce uagb-infobox__content-wrap  uagb-infobox-icon-above-title uagb-infobox-image-valign-top\"><div class=\"uagb-ifb-content\"><div class=\"uagb-ifb-title-wrap\"><p class=\"uagb-ifb-title-prefix\">Mi historia<\/p><h2 class=\"uagb-ifb-title\">Crecimiento y evoluci\u00f3n de \u00c1lvaro Estada<\/h2><\/div><p class=\"uagb-ifb-desc\">Todo comenz\u00f3 en una sala de exposici\u00f3n, rodeado de motores y promesas sobre ruedas. Ah\u00ed, entre ventas y objetivos mensuales, descubr\u00ed que lo m\u00edo no era solo vender, sino entender personas, conectar con sus deseos y necesidades. Ese instinto me llev\u00f3 a Apple, donde aprend\u00ed que la tecnolog\u00eda no solo resuelve problemas, tambi\u00e9n inspira. Ah\u00ed pul\u00ed mi visi\u00f3n est\u00e9tica, mi enfoque en la experiencia y mi obsesi\u00f3n por los detalles.<br>Pero hab\u00eda algo m\u00e1s grande latiendo: la necesidad de crear. Salt\u00e9 al mundo del marketing digital y, con el tiempo, dirig\u00ed estrategias en una agencia como Marketing Manager. Lider\u00e9 proyectos, equipos y marcas con una sola idea en mente: hacer que todo funcione con sentido, con alma, con impacto.<br>Hoy sigo aprendiendo, emprendiendo y buscando nuevos retos. Porque detr\u00e1s de cada clic, cada campa\u00f1a y cada cliente, hay una historia esperando ser contada.<\/p><\/div><\/div>\n<\/div>\n\n\n\n<div class=\"wp-block-uagb-image uagb-block-1c8aa24f wp-block-uagb-image--layout-default wp-block-uagb-image--effect-static wp-block-uagb-image--align-none\"><figure class=\"wp-block-uagb-image__figure\"><img loading=\"lazy\" decoding=\"async\" srcset=\"https:\/\/alvaroestada.es\/blog\/wp-content\/uploads\/2025\/06\/hombre_de_espaldas_frente_al_lago_celebrando_con_los_brazos_en_alto_yymcrpbkwfi7zdh9qt1w_0-683x1024.png ,https:\/\/alvaroestada.es\/blog\/wp-content\/uploads\/2025\/06\/hombre_de_espaldas_frente_al_lago_celebrando_con_los_brazos_en_alto_yymcrpbkwfi7zdh9qt1w_0.png 780w, https:\/\/alvaroestada.es\/blog\/wp-content\/uploads\/2025\/06\/hombre_de_espaldas_frente_al_lago_celebrando_con_los_brazos_en_alto_yymcrpbkwfi7zdh9qt1w_0.png 360w\" sizes=\"auto, (max-width: 480px) 150px\" src=\"https:\/\/alvaroestada.es\/blog\/wp-content\/uploads\/2025\/06\/hombre_de_espaldas_frente_al_lago_celebrando_con_los_brazos_en_alto_yymcrpbkwfi7zdh9qt1w_0-683x1024.png\" alt=\"\" class=\"uag-image-308\" width=\"600\" height=\"500\" title=\"hombre_de_espaldas_frente_al_lago_celebrando_con_los_brazos_en_alto_yymcrpbkwfi7zdh9qt1w_0\" loading=\"lazy\" role=\"img\"\/><\/figure><\/div>\n<\/div><\/div>\n\n\n\n<div class=\"wp-block-uagb-container uagb-block-bb17f211 alignfull uagb-is-root-container\"><div class=\"uagb-container-inner-blocks-wrap\">\n<div class=\"wp-block-uagb-advanced-heading uagb-block-addb79f1\"><h2 class=\"uagb-heading-text\">Algunas de las herramientas que uso<\/h2><\/div>\n<\/div><\/div>\n\n\n\n<div class=\"wp-block-uagb-container uagb-block-ea544358 alignfull uagb-is-root-container\"><div class=\"uagb-container-inner-blocks-wrap\">\n<div class=\"wp-block-uagb-container uagb-block-2ea36117\">\n<figure class=\"wp-block-image size-large\"><img loading=\"lazy\" decoding=\"async\" width=\"1024\" height=\"1024\" src=\"https:\/\/alvaroestada.es\/blog\/wp-content\/uploads\/2025\/06\/wordpress-logo-wordpress-icon-transparent-png-free-vector-1024x1024.jpg\" alt=\"\" class=\"wp-image-322\" srcset=\"https:\/\/alvaroestada.es\/blog\/wp-content\/uploads\/2025\/06\/wordpress-logo-wordpress-icon-transparent-png-free-vector-1024x1024.jpg 1024w, https:\/\/alvaroestada.es\/blog\/wp-content\/uploads\/2025\/06\/wordpress-logo-wordpress-icon-transparent-png-free-vector-300x300.jpg 300w, https:\/\/alvaroestada.es\/blog\/wp-content\/uploads\/2025\/06\/wordpress-logo-wordpress-icon-transparent-png-free-vector-150x150.jpg 150w, https:\/\/alvaroestada.es\/blog\/wp-content\/uploads\/2025\/06\/wordpress-logo-wordpress-icon-transparent-png-free-vector-768x768.jpg 768w, https:\/\/alvaroestada.es\/blog\/wp-content\/uploads\/2025\/06\/wordpress-logo-wordpress-icon-transparent-png-free-vector-1536x1536.jpg 1536w, https:\/\/alvaroestada.es\/blog\/wp-content\/uploads\/2025\/06\/wordpress-logo-wordpress-icon-transparent-png-free-vector.jpg 1920w\" sizes=\"(max-width: 1024px) 100vw, 1024px\" \/><\/figure>\n<\/div>\n\n\n\n<div class=\"wp-block-uagb-container uagb-block-cb53e65e\">\n<figure class=\"wp-block-image size-large\"><img loading=\"lazy\" decoding=\"async\" width=\"1024\" height=\"510\" src=\"https:\/\/alvaroestada.es\/blog\/wp-content\/uploads\/2025\/06\/4pgriwt21pz5vti3sedb-1024x510.png\" alt=\"\" class=\"wp-image-323\" srcset=\"https:\/\/alvaroestada.es\/blog\/wp-content\/uploads\/2025\/06\/4pgriwt21pz5vti3sedb-1024x510.png 1024w, https:\/\/alvaroestada.es\/blog\/wp-content\/uploads\/2025\/06\/4pgriwt21pz5vti3sedb-300x149.png 300w, https:\/\/alvaroestada.es\/blog\/wp-content\/uploads\/2025\/06\/4pgriwt21pz5vti3sedb-768x382.png 768w, https:\/\/alvaroestada.es\/blog\/wp-content\/uploads\/2025\/06\/4pgriwt21pz5vti3sedb.png 1245w\" sizes=\"(max-width: 1024px) 100vw, 1024px\" \/><\/figure>\n<\/div>\n\n\n\n<div class=\"wp-block-uagb-container uagb-block-03e26db9\">\n<figure class=\"wp-block-image size-full\"><img loading=\"lazy\" decoding=\"async\" width=\"1024\" height=\"1024\" src=\"https:\/\/alvaroestada.es\/blog\/wp-content\/uploads\/2025\/06\/Canva-logo-1024x1024-1.png\" alt=\"\" class=\"wp-image-324\" srcset=\"https:\/\/alvaroestada.es\/blog\/wp-content\/uploads\/2025\/06\/Canva-logo-1024x1024-1.png 1024w, https:\/\/alvaroestada.es\/blog\/wp-content\/uploads\/2025\/06\/Canva-logo-1024x1024-1-300x300.png 300w, https:\/\/alvaroestada.es\/blog\/wp-content\/uploads\/2025\/06\/Canva-logo-1024x1024-1-150x150.png 150w, https:\/\/alvaroestada.es\/blog\/wp-content\/uploads\/2025\/06\/Canva-logo-1024x1024-1-768x768.png 768w\" sizes=\"(max-width: 1024px) 100vw, 1024px\" \/><\/figure>\n<\/div>\n\n\n\n<div class=\"wp-block-uagb-container uagb-block-9eb44b7e\">\n<figure class=\"wp-block-image size-full\"><img loading=\"lazy\" decoding=\"async\" width=\"474\" height=\"248\" src=\"https:\/\/alvaroestada.es\/blog\/wp-content\/uploads\/2025\/06\/OIP-1.webp\" alt=\"\" class=\"wp-image-328\" srcset=\"https:\/\/alvaroestada.es\/blog\/wp-content\/uploads\/2025\/06\/OIP-1.webp 474w, https:\/\/alvaroestada.es\/blog\/wp-content\/uploads\/2025\/06\/OIP-1-300x157.webp 300w\" sizes=\"(max-width: 474px) 100vw, 474px\" \/><\/figure>\n<\/div>\n\n\n\n<div class=\"wp-block-uagb-container uagb-block-110b42fe\">\n<figure class=\"wp-block-image size-full\"><img loading=\"lazy\" decoding=\"async\" width=\"458\" height=\"124\" src=\"https:\/\/alvaroestada.es\/blog\/wp-content\/uploads\/2025\/06\/n8n-logo-1.png\" alt=\"\" class=\"wp-image-329\" srcset=\"https:\/\/alvaroestada.es\/blog\/wp-content\/uploads\/2025\/06\/n8n-logo-1.png 458w, https:\/\/alvaroestada.es\/blog\/wp-content\/uploads\/2025\/06\/n8n-logo-1-300x81.png 300w\" sizes=\"(max-width: 458px) 100vw, 458px\" \/><\/figure>\n<\/div>\n\n\n\n<div class=\"wp-block-uagb-container uagb-block-2314167d\">\n<figure class=\"wp-block-image size-full\"><img loading=\"lazy\" decoding=\"async\" width=\"680\" height=\"375\" src=\"https:\/\/alvaroestada.es\/blog\/wp-content\/uploads\/2025\/06\/do-edited-video-from-cup-cut-1.webp\" alt=\"\" class=\"wp-image-330\" srcset=\"https:\/\/alvaroestada.es\/blog\/wp-content\/uploads\/2025\/06\/do-edited-video-from-cup-cut-1.webp 680w, https:\/\/alvaroestada.es\/blog\/wp-content\/uploads\/2025\/06\/do-edited-video-from-cup-cut-1-300x165.webp 300w\" sizes=\"(max-width: 680px) 100vw, 680px\" \/><\/figure>\n<\/div>\n<\/div><\/div>\n\n\n\n<div class=\"wp-block-uagb-container uagb-block-353480fd alignfull uagb-is-root-container\"><div class=\"uagb-container-inner-blocks-wrap\">\n<div class=\"wp-block-uagb-info-box uagb-block-289af9f9 uagb-infobox__content-wrap  uagb-infobox-icon-above-title uagb-infobox-image-valign-top\"><div class=\"uagb-ifb-content\"><div class=\"uagb-ifb-title-wrap\"><h2 class=\"uagb-ifb-title\">Transforma tu futuro corporativo hoy mismo<\/h2><\/div><p class=\"uagb-ifb-desc\">Contacta conmigo y comienza a destacar en el competitivo mercado laboral.<\/p><div class=\"uagb-ifb-button-wrapper wp-block-button\"><a href=\"https:\/\/wa.link\/3gd1ao\" class=\"uagb-infobox-cta-link wp-block-button__link\" target=\"_blank\" rel=\"noopener noreferrer\" onclick=\"return true;\"><span class=\"uagb-inline-editing\">Comienza Ahora<\/span><\/a><\/div><\/div><\/div>\n<\/div><\/div>\n","protected":false},"excerpt":{"rendered":"<p>Bienvenido Descubre c\u00f3mo destacamos en la digitalizaci\u00f3n de tu negocio. Con una trayectoria diversa en el sector tecnol\u00f3gico, automovil\u00edstico y [&hellip;]<\/p>\n","protected":false},"author":1,"featured_media":0,"parent":0,"menu_order":0,"comment_status":"closed","ping_status":"closed","template":"","meta":{"_uag_custom_page_level_css":"","site-sidebar-layout":"default","site-content-layout":"","ast-site-content-layout":"default","site-content-style":"default","site-sidebar-style":"default","ast-global-header-display":"","ast-banner-title-visibility":"","ast-main-header-display":"","ast-hfb-above-header-display":"","ast-hfb-below-header-display":"","ast-hfb-mobile-header-display":"","site-post-title":"disabled","ast-breadcrumbs-content":"","ast-featured-img":"","footer-sml-layout":"","ast-disable-related-posts":"","theme-transparent-header-meta":"","adv-header-id-meta":"","stick-header-meta":"","header-above-stick-meta":"","header-main-stick-meta":"","header-below-stick-meta":"","astra-migrate-meta-layouts":"default","ast-page-background-enabled":"default","ast-page-background-meta":{"desktop":{"background-color":"var(--ast-global-color-4)","background-image":"","background-repeat":"repeat","background-position":"center center","background-size":"auto","background-attachment":"scroll","background-type":"","background-media":"","overlay-type":"","overlay-color":"","overlay-opacity":"","overlay-gradient":""},"tablet":{"background-color":"","background-image":"","background-repeat":"repeat","background-position":"center center","background-size":"auto","background-attachment":"scroll","background-type":"","background-media":"","overlay-type":"","overlay-color":"","overlay-opacity":"","overlay-gradient":""},"mobile":{"background-color":"","background-image":"","background-repeat":"repeat","background-position":"center center","background-size":"auto","background-attachment":"scroll","background-type":"","background-media":"","overlay-type":"","overlay-color":"","overlay-opacity":"","overlay-gradient":""}},"ast-content-background-meta":{"desktop":{"background-color":"var(--ast-global-color-5)","background-image":"","background-repeat":"repeat","background-position":"center center","background-size":"auto","background-attachment":"scroll","background-type":"","background-media":"","overlay-type":"","overlay-color":"","overlay-opacity":"","overlay-gradient":""},"tablet":{"background-color":"var(--ast-global-color-5)","background-image":"","background-repeat":"repeat","background-position":"center center","background-size":"auto","background-attachment":"scroll","background-type":"","background-media":"","overlay-type":"","overlay-color":"","overlay-opacity":"","overlay-gradient":""},"mobile":{"background-color":"var(--ast-global-color-5)","background-image":"","background-repeat":"repeat","background-position":"center center","background-size":"auto","background-attachment":"scroll","background-type":"","background-media":"","overlay-type":"","overlay-color":"","overlay-opacity":"","overlay-gradient":""}},"footnotes":""},"class_list":["post-251","page","type-page","status-publish","hentry"],"uagb_featured_image_src":{"full":false,"thumbnail":false,"medium":false,"medium_large":false,"large":false,"1536x1536":false,"2048x2048":false},"uagb_author_info":{"display_name":"admin","author_link":"https:\/\/alvaroestada.es\/blog\/author\/admin\/"},"uagb_comment_info":0,"uagb_excerpt":"Bienvenido Descubre c\u00f3mo destacamos en la digitalizaci\u00f3n de tu negocio. Con una trayectoria diversa en el sector tecnol\u00f3gico, automovil\u00edstico y [&hellip;]","_links":{"self":[{"href":"https:\/\/alvaroestada.es\/blog\/wp-json\/wp\/v2\/pages\/251","targetHints":{"allow":["GET"]}}],"collection":[{"href":"https:\/\/alvaroestada.es\/blog\/wp-json\/wp\/v2\/pages"}],"about":[{"href":"https:\/\/alvaroestada.es\/blog\/wp-json\/wp\/v2\/types\/page"}],"author":[{"embeddable":true,"href":"https:\/\/alvaroestada.es\/blog\/wp-json\/wp\/v2\/users\/1"}],"replies":[{"embeddable":true,"href":"https:\/\/alvaroestada.es\/blog\/wp-json\/wp\/v2\/comments?post=251"}],"version-history":[{"count":10,"href":"https:\/\/alvaroestada.es\/blog\/wp-json\/wp\/v2\/pages\/251\/revisions"}],"predecessor-version":[{"id":331,"href":"https:\/\/alvaroestada.es\/blog\/wp-json\/wp\/v2\/pages\/251\/revisions\/331"}],"wp:attachment":[{"href":"https:\/\/alvaroestada.es\/blog\/wp-json\/wp\/v2\/media?parent=251"}],"curies":[{"name":"wp","href":"https:\/\/api.w.org\/{rel}","templated":true}]}}